{"id":107,"date":"2025-08-19T22:05:57","date_gmt":"2025-08-19T20:05:57","guid":{"rendered":"https:\/\/rkrubik.holesweb.eu\/?page_id=107"},"modified":"2025-08-20T00:31:35","modified_gmt":"2025-08-19T22:31:35","slug":"home","status":"publish","type":"page","link":"https:\/\/rkrubik.holesweb.eu\/","title":{"rendered":"Home"},"content":{"rendered":"<section class=\"bde-section-107-100 bde-section\">\n              \n  \n  \n\t\n\n  <div class=\"section-background-overlay\"><\/div>\n\n\n<div class=\"section-container\"><div class=\"bde-text-107-101 bde-text\">\nRealitn\u00ed kancel\u00e1\u0159 RUBIK\n<\/div><div class=\"bde-fancy-divider-107-105 bde-fancy-divider\">\n\n\n<div class=\"bde-fancy-divider__wrapper\">\n  <div class=\"bde-fancy-divider__separator   \">\n  \t  <\/div>\n<\/div>\n\n<\/div><h1 class=\"bde-heading-107-102 bde-heading\">\nV\u00e1\u0161 spolehliv\u00fd partner v realit\u00e1ch\n<\/h1><\/div>\n<\/section><section id=\"o-nas\" class=\"bde-section-107-265 bde-section\">\n  \n  \n\t\n\n\n\n<div class=\"section-container\"><h1 class=\"bde-heading-107-290 bde-heading\">\nPro\u010d spolupracovat pr\u00e1v\u011b s n\u00e1mi\n<\/h1><div class=\"bde-icon-box-107-266 bde-icon-box\">\n\n    \n            <div class=\"ee-iconbox-icon breakdance-icon-atom\" >\n    \n                    <svg xmlns=\"http:\/\/www.w3.org\/2000\/svg\" viewBox=\"0 0 640 512\"><!--! Font Awesome Free 6.5.1 by @fontawesome - https:\/\/fontawesome.com License - https:\/\/fontawesome.com\/license\/free (Icons: CC BY 4.0, Fonts: SIL OFL 1.1, Code: MIT License) Copyright 2023 Fonticons, Inc. --><path d=\"M320.7 352c8.1-89.7 83.5-160 175.3-160c8.9 0 17.6 .7 26.1 1.9L309.5 7c-6-5-14-7-21-7s-15 1-22 8L10 231.5c-7 7-10 15-10 24c0 18 14 32.1 32 32.1h32v69.7c-.1 .9-.1 1.8-.1 2.8V472c0 22.1 17.9 40 40 40h16c1.2 0 2.4-.1 3.6-.2c1.5 .1 3 .2 4.5 .2H160h24c22.1 0 40-17.9 40-40V448 384c0-17.7 14.3-32 32-32h64l.7 0zM640 368a144 144 0 1 0 -288 0 144 144 0 1 0 288 0zm-76.7-43.3c6.2 6.2 6.2 16.4 0 22.6l-72 72c-6.2 6.2-16.4 6.2-22.6 0l-40-40c-6.2-6.2-6.2-16.4 0-22.6s16.4-6.2 22.6 0L480 385.4l60.7-60.7c6.2-6.2 16.4-6.2 22.6 0z\"\/><\/svg>\n        \n        \n        \n            <\/div>\n    \n\n<div class=\"ee-iconbox-content\">\n      <h3 class=\"ee-iconbox-title bde-h3\" >Kompletn\u00ed servis<\/h3>\n        <div class=\"ee-iconbox-text\" >Zaji\u0161\u0165ujeme prodej, pron\u00e1jem i pr\u00e1vn\u00ed slu\u017eby na jednom m\u00edst\u011b<\/div>\n    <\/div>\n\n<\/div><div class=\"bde-icon-box-107-302 bde-icon-box\">\n\n    \n            <div class=\"ee-iconbox-icon breakdance-icon-atom\" >\n    \n                    <svg xmlns=\"http:\/\/www.w3.org\/2000\/svg\" viewBox=\"0 0 576 512\"><!--! Font Awesome Free 6.5.1 by @fontawesome - https:\/\/fontawesome.com License - https:\/\/fontawesome.com\/license\/free (Icons: CC BY 4.0, Fonts: SIL OFL 1.1, Code: MIT License) Copyright 2023 Fonticons, Inc. --><path d=\"M0 64C0 28.7 28.7 0 64 0H224V128c0 17.7 14.3 32 32 32H384v38.6C310.1 219.5 256 287.4 256 368c0 59.1 29.1 111.3 73.7 143.3c-3.2 .5-6.4 .7-9.7 .7H64c-35.3 0-64-28.7-64-64V64zm384 64H256V0L384 128zM288 368a144 144 0 1 1 288 0 144 144 0 1 1 -288 0zm211.3-43.3c-6.2-6.2-16.4-6.2-22.6 0L416 385.4l-28.7-28.7c-6.2-6.2-16.4-6.2-22.6 0s-6.2 16.4 0 22.6l40 40c6.2 6.2 16.4 6.2 22.6 0l72-72c6.2-6.2 6.2-16.4 0-22.6z\"\/><\/svg>\n        \n        \n        \n            <\/div>\n    \n\n<div class=\"ee-iconbox-content\">\n      <h3 class=\"ee-iconbox-title bde-h3\" >Pr\u00e1vn\u00ed jistota<\/h3>\n        <div class=\"ee-iconbox-text\" >Vypracujeme darovac\u00ed, kupn\u00ed i sm\u011bnn\u00e9 smlouvy \u2013 rychle a bez starost\u00ed<\/div>\n    <\/div>\n\n<\/div><div class=\"bde-icon-box-107-301 bde-icon-box\">\n\n    \n            <div class=\"ee-iconbox-icon breakdance-icon-atom\" >\n    \n                    <svg xmlns=\"http:\/\/www.w3.org\/2000\/svg\" viewBox=\"0 0 640 512\"><!--! Font Awesome Free 6.5.1 by @fontawesome - https:\/\/fontawesome.com License - https:\/\/fontawesome.com\/license\/free (Icons: CC BY 4.0, Fonts: SIL OFL 1.1, Code: MIT License) Copyright 2023 Fonticons, Inc. --><path d=\"M323.4 85.2l-96.8 78.4c-16.1 13-19.2 36.4-7 53.1c12.9 17.8 38 21.3 55.3 7.8l99.3-77.2c7-5.4 17-4.2 22.5 2.8s4.2 17-2.8 22.5l-20.9 16.2L550.2 352H592c26.5 0 48-21.5 48-48V176c0-26.5-21.5-48-48-48H516h-4-.7l-3.9-2.5L434.8 79c-15.3-9.8-33.2-15-51.4-15c-21.8 0-43 7.5-60 21.2zm22.8 124.4l-51.7 40.2C263 274.4 217.3 268 193.7 235.6c-22.2-30.5-16.6-73.1 12.7-96.8l83.2-67.3c-11.6-4.9-24.1-7.4-36.8-7.4C234 64 215.7 69.6 200 80l-72 48H48c-26.5 0-48 21.5-48 48V304c0 26.5 21.5 48 48 48H156.2l91.4 83.4c19.6 17.9 49.9 16.5 67.8-3.1c5.5-6.1 9.2-13.2 11.1-20.6l17 15.6c19.5 17.9 49.9 16.6 67.8-2.9c4.5-4.9 7.8-10.6 9.9-16.5c19.4 13 45.8 10.3 62.1-7.5c17.9-19.5 16.6-49.9-2.9-67.8l-134.2-123z\"\/><\/svg>\n        \n        \n        \n            <\/div>\n    \n\n<div class=\"ee-iconbox-content\">\n      <h3 class=\"ee-iconbox-title bde-h3\" >Tradice a d\u016fv\u011bra<\/h3>\n        <div class=\"ee-iconbox-text\" >Na realitn\u00edm trhu p\u016fsob\u00edme u\u017e od roku 1993<\/div>\n    <\/div>\n\n<\/div><\/div>\n<\/section><section id=\"sluzby\" class=\"bde-section-107-314 bde-section\">\n  \n  \n\t\n\n\n\n<div class=\"section-container\"><div id=\"vision-mission\" class=\"bde-columns-107-315 bde-columns\"><div class=\"bde-column-107-316 bde-column\">\n  \n  \n\t\n\n\n\n<h2 class=\"bde-heading-107-318 bde-heading\">\nNa\u0161e slu\u017eby\n<\/h2>\n<\/div><div class=\"bde-column-107-321 bde-column\">\n  \n  \n\t\n\n\n\n<div class=\"bde-icon-box-107-322 bde-icon-box\">\n\n    \n            <div class=\"ee-iconbox-icon breakdance-icon-atom\" >\n    \n                    <svg xmlns=\"http:\/\/www.w3.org\/2000\/svg\" viewBox=\"0 0 448 512\"><!--! Font Awesome Free 6.5.1 by @fontawesome - https:\/\/fontawesome.com License - https:\/\/fontawesome.com\/license\/free (Icons: CC BY 4.0, Fonts: SIL OFL 1.1, Code: MIT License) Copyright 2023 Fonticons, Inc. --><path d=\"M438.6 105.4c12.5 12.5 12.5 32.8 0 45.3l-256 256c-12.5 12.5-32.8 12.5-45.3 0l-128-128c-12.5-12.5-12.5-32.8 0-45.3s32.8-12.5 45.3 0L160 338.7 393.4 105.4c12.5-12.5 32.8-12.5 45.3 0z\"\/><\/svg>\n        \n        \n        \n            <\/div>\n    \n\n<div class=\"ee-iconbox-content\">\n      <h3 class=\"ee-iconbox-title bde-h3\" >Zprost\u0159edkov\u00e1n\u00ed prodeje a pron\u00e1jmu nemovitost\u00ed<\/h3>\n        <div class=\"ee-iconbox-text\" >Komplexn\u00ed servis p\u0159i prodeji, koupi \u010di pron\u00e1jmu byt\u016f, dom\u016f, pozemk\u016f i komer\u010dn\u00edch prostor.<\/div>\n    <\/div>\n\n<\/div><div class=\"bde-icon-box-107-337 bde-icon-box\">\n\n    \n            <div class=\"ee-iconbox-icon breakdance-icon-atom\" >\n    \n                    <svg xmlns=\"http:\/\/www.w3.org\/2000\/svg\" viewBox=\"0 0 448 512\"><!--! Font Awesome Free 6.5.1 by @fontawesome - https:\/\/fontawesome.com License - https:\/\/fontawesome.com\/license\/free (Icons: CC BY 4.0, Fonts: SIL OFL 1.1, Code: MIT License) Copyright 2023 Fonticons, Inc. --><path d=\"M438.6 105.4c12.5 12.5 12.5 32.8 0 45.3l-256 256c-12.5 12.5-32.8 12.5-45.3 0l-128-128c-12.5-12.5-12.5-32.8 0-45.3s32.8-12.5 45.3 0L160 338.7 393.4 105.4c12.5-12.5 32.8-12.5 45.3 0z\"\/><\/svg>\n        \n        \n        \n            <\/div>\n    \n\n<div class=\"ee-iconbox-content\">\n      <h3 class=\"ee-iconbox-title bde-h3\" >Kompletn\u00ed smluvn\u00ed dokumentace za \u00fa\u010dasti advok\u00e1ta<\/h3>\n        <div class=\"ee-iconbox-text\" >Ve\u0161ker\u00e9 smlouvy p\u0159ipravujeme ve spolupr\u00e1ci s advok\u00e1tem \u2013 bezpe\u010dn\u011b a v souladu s platnou legislativou<\/div>\n    <\/div>\n\n<\/div><div class=\"bde-icon-box-107-336 bde-icon-box\">\n\n    \n            <div class=\"ee-iconbox-icon breakdance-icon-atom\" >\n    \n                    <svg xmlns=\"http:\/\/www.w3.org\/2000\/svg\" viewBox=\"0 0 448 512\"><!--! Font Awesome Free 6.5.1 by @fontawesome - https:\/\/fontawesome.com License - https:\/\/fontawesome.com\/license\/free (Icons: CC BY 4.0, Fonts: SIL OFL 1.1, Code: MIT License) Copyright 2023 Fonticons, Inc. --><path d=\"M438.6 105.4c12.5 12.5 12.5 32.8 0 45.3l-256 256c-12.5 12.5-32.8 12.5-45.3 0l-128-128c-12.5-12.5-12.5-32.8 0-45.3s32.8-12.5 45.3 0L160 338.7 393.4 105.4c12.5-12.5 32.8-12.5 45.3 0z\"\/><\/svg>\n        \n        \n        \n            <\/div>\n    \n\n<div class=\"ee-iconbox-content\">\n      <h3 class=\"ee-iconbox-title bde-h3\" >Advok\u00e1tn\u00ed \u00faschova finan\u010dn\u00edch prost\u0159edk\u016f<\/h3>\n        <div class=\"ee-iconbox-text\" >Advok\u00e1tn\u00ed \u00faschova finan\u010dn\u00edch prost\u0159edk\u016f Zaji\u0161\u0165ujeme bezpe\u010dnou advok\u00e1tn\u00ed \u00faschovu kupn\u00ed ceny i dal\u0161\u00edch platebn\u00edch pln\u011bn\u00ed<\/div>\n    <\/div>\n\n<\/div><div class=\"bde-icon-box-107-335 bde-icon-box\">\n\n    \n            <div class=\"ee-iconbox-icon breakdance-icon-atom\" >\n    \n                    <svg xmlns=\"http:\/\/www.w3.org\/2000\/svg\" viewBox=\"0 0 448 512\"><!--! Font Awesome Free 6.5.1 by @fontawesome - https:\/\/fontawesome.com License - https:\/\/fontawesome.com\/license\/free (Icons: CC BY 4.0, Fonts: SIL OFL 1.1, Code: MIT License) Copyright 2023 Fonticons, Inc. --><path d=\"M438.6 105.4c12.5 12.5 12.5 32.8 0 45.3l-256 256c-12.5 12.5-32.8 12.5-45.3 0l-128-128c-12.5-12.5-12.5-32.8 0-45.3s32.8-12.5 45.3 0L160 338.7 393.4 105.4c12.5-12.5 32.8-12.5 45.3 0z\"\/><\/svg>\n        \n        \n        \n            <\/div>\n    \n\n<div class=\"ee-iconbox-content\">\n      <h3 class=\"ee-iconbox-title bde-h3\" >Vypracov\u00e1n\u00ed pr\u00e1vn\u00edch dokument\u016f<\/h3>\n        <div class=\"ee-iconbox-text\" >Darovac\u00ed smlouvy, kupn\u00ed smlouvy, sm\u011bnn\u00e9 smlouvy, smlouvy o advok\u00e1tn\u00ed \u00faschov\u011b a dal\u0161\u00ed dle pot\u0159eb klienta<\/div>\n    <\/div>\n\n<\/div><div class=\"bde-icon-box-107-334 bde-icon-box\">\n\n    \n            <div class=\"ee-iconbox-icon breakdance-icon-atom\" >\n    \n                    <svg xmlns=\"http:\/\/www.w3.org\/2000\/svg\" viewBox=\"0 0 448 512\"><!--! Font Awesome Free 6.5.1 by @fontawesome - https:\/\/fontawesome.com License - https:\/\/fontawesome.com\/license\/free (Icons: CC BY 4.0, Fonts: SIL OFL 1.1, Code: MIT License) Copyright 2023 Fonticons, Inc. --><path d=\"M438.6 105.4c12.5 12.5 12.5 32.8 0 45.3l-256 256c-12.5 12.5-32.8 12.5-45.3 0l-128-128c-12.5-12.5-12.5-32.8 0-45.3s32.8-12.5 45.3 0L160 338.7 393.4 105.4c12.5-12.5 32.8-12.5 45.3 0z\"\/><\/svg>\n        \n        \n        \n            <\/div>\n    \n\n<div class=\"ee-iconbox-content\">\n      <h3 class=\"ee-iconbox-title bde-h3\" >Zaji\u0161t\u011bn\u00ed v\u0161ech pot\u0159ebn\u00fdch podklad\u016f<\/h3>\n        <div class=\"ee-iconbox-text\" >Zaji\u0161t\u011bn\u00ed v\u0161ech pot\u0159ebn\u00fdch podklad\u016f V\u00fdpisy z katastru nemovitost\u00ed, nab\u00fdvac\u00ed tituly, sn\u00edmky z katastr\u00e1ln\u00edch map a dal\u0161\u00ed nutn\u00e1 dokumentace<\/div>\n    <\/div>\n\n<\/div>\n<\/div><\/div><\/div>\n<\/section><section id=\"kontakt\" class=\"bde-section-107-296 bde-section\">\n  \n  \n\t\n\n\n\n<div class=\"section-container\"><h1 class=\"bde-heading-107-346 bde-heading\">\nKontakt\n<\/h1><div class=\"bde-icon-box-107-297 bde-icon-box\">\n\n    \n            <div class=\"ee-iconbox-icon breakdance-icon-atom\" >\n    \n                    <svg xmlns=\"http:\/\/www.w3.org\/2000\/svg\" id=\"icon-location\" viewBox=\"0 0 32 32\">\n<path d=\"M16 0c-5.523 0-10 4.477-10 10 0 10 10 22 10 22s10-12 10-22c0-5.523-4.477-10-10-10zM16 16c-3.314 0-6-2.686-6-6s2.686-6 6-6 6 2.686 6 6-2.686 6-6 6z\"\/>\n<\/svg>\n        \n        \n        \n            <\/div>\n    \n\n<div class=\"ee-iconbox-content\">\n      <h3 class=\"ee-iconbox-title bde-h3\" >RK RUBIK <\/h3>\n        <div class=\"ee-iconbox-text\" >Masarykova 68, Zl\u00edn-Malenovice<\/div>\n            \n                                    \n    \n    \n    \n    \n            \n                    \n            \n            \n\n    \n    \n    \n    \n    \n    <a class=\"breakdance-link button-atom button-atom--primary ee-iconbox-button\" href=\"https:\/\/maps.app.goo.gl\/6a2GbWpy3CViqbci7\" target=\"_self\" data-type=\"url\"  >\n\n    \n        <span class=\"button-atom__text\">mapa<\/span>\n\n        \n        \n                <\/a>\n\n    \n\n  <\/div>\n\n<\/div><div class=\"bde-icon-box-107-298 bde-icon-box\">\n\n    \n            <div class=\"ee-iconbox-icon breakdance-icon-atom\" >\n    \n                    <svg xmlns=\"http:\/\/www.w3.org\/2000\/svg\" id=\"icon-phone\" viewBox=\"0 0 32 32\">\n<path d=\"M22 20c-2 2-2 4-4 4s-4-2-6-4-4-4-4-6 2-2 4-4-4-8-6-8-6 6-6 6c0 4 4.109 12.109 8 16s12 8 16 8c0 0 6-4 6-6s-6-8-8-6z\"\/>\n<\/svg>\n        \n        \n        \n            <\/div>\n    \n\n<div class=\"ee-iconbox-content\">\n      <h3 class=\"ee-iconbox-title bde-h3\" >Zavolejte n\u00e1m<\/h3>\n        <div class=\"ee-iconbox-text\" >+420 774 443 707<\/div>\n    <\/div>\n\n<\/div><div class=\"bde-icon-box-107-299 bde-icon-box\">\n\n    \n            <div class=\"ee-iconbox-icon breakdance-icon-atom\" >\n    \n                    <svg xmlns=\"http:\/\/www.w3.org\/2000\/svg\" viewBox=\"0 0 448 512\"><!--! Font Awesome Free 6.5.1 by @fontawesome - https:\/\/fontawesome.com License - https:\/\/fontawesome.com\/license\/free (Icons: CC BY 4.0, Fonts: SIL OFL 1.1, Code: MIT License) Copyright 2023 Fonticons, Inc. --><path d=\"M304 128a80 80 0 1 0 -160 0 80 80 0 1 0 160 0zM96 128a128 128 0 1 1 256 0A128 128 0 1 1 96 128zM49.3 464H398.7c-8.9-63.3-63.3-112-129-112H178.3c-65.7 0-120.1 48.7-129 112zM0 482.3C0 383.8 79.8 304 178.3 304h91.4C368.2 304 448 383.8 448 482.3c0 16.4-13.3 29.7-29.7 29.7H29.7C13.3 512 0 498.7 0 482.3z\"\/><\/svg>\n        \n        \n        \n            <\/div>\n    \n\n<div class=\"ee-iconbox-content\">\n      <h3 class=\"ee-iconbox-title bde-h3\" >Napi\u0161te n\u00e1m<\/h3>\n        <div class=\"ee-iconbox-text\" >info@rkrubik.cz<\/div>\n            \n                                    \n    \n    \n    \n    \n            \n                    \n            \n            \n\n    \n    \n    \n    \n    \n    <a class=\"breakdance-link button-atom button-atom--primary ee-iconbox-button\" href=\"mailto:info@rkrubik.cz\" target=\"_self\" data-type=\"url\"  >\n\n    \n        <span class=\"button-atom__text\">Email<\/span>\n\n        \n        \n                <\/a>\n\n    \n\n  <\/div>\n\n<\/div><div class=\"bde-google-map-107-345 bde-google-map breakdance-free-version-frontend-element-hider\">\n\r\n<iframe width=\"100%\" height=\"100%\" style=\"border:0\" loading=\"lazy\" title=\"RK Rubik\" src=\"https:\/\/maps.google.com\/maps?q=Masarykova+68%2C+Zl%C3%ADn-Malenovice&t=m&z=16&output=embed&iwloc=near\" allowfullscreen><\/iframe>\n\n<\/div><\/div>\n<\/section>","protected":false},"excerpt":{"rendered":"<p>Realitn\u00ed kancel\u00e1\u0159 RUBIK V\u00e1\u0161 spolehliv\u00fd partner v realit\u00e1ch Pro\u010d spolupracovat pr\u00e1v\u011b s n\u00e1mi Kompletn\u00ed servis Zaji\u0161\u0165ujeme prodej, pron\u00e1jem i pr\u00e1vn\u00ed slu\u017eby na jednom m\u00edst\u011b Pr\u00e1vn\u00ed jistota Vypracujeme darovac\u00ed, kupn\u00ed i sm\u011bnn\u00e9 smlouvy \u2013 rychle a bez starost\u00ed Tradice a d\u016fv\u011bra Na realitn\u00edm trhu p\u016fsob\u00edme u\u017e od roku 1993 Na\u0161e slu\u017eby Zprost\u0159edkov\u00e1n\u00ed prodeje a pron\u00e1jmu nemovitost\u00ed [&hellip;]<\/p>\n","protected":false},"author":1,"featured_media":0,"parent":0,"menu_order":0,"comment_status":"closed","ping_status":"closed","template":"","meta":{"_breakdance_hide_in_design_set":false,"_breakdance_tags":"","footnotes":""},"class_list":["post-107","page","type-page","status-publish","hentry"],"_links":{"self":[{"href":"https:\/\/rkrubik.holesweb.eu\/index.php?rest_route=\/wp\/v2\/pages\/107","targetHints":{"allow":["GET"]}}],"collection":[{"href":"https:\/\/rkrubik.holesweb.eu\/index.php?rest_route=\/wp\/v2\/pages"}],"about":[{"href":"https:\/\/rkrubik.holesweb.eu\/index.php?rest_route=\/wp\/v2\/types\/page"}],"author":[{"embeddable":true,"href":"https:\/\/rkrubik.holesweb.eu\/index.php?rest_route=\/wp\/v2\/users\/1"}],"replies":[{"embeddable":true,"href":"https:\/\/rkrubik.holesweb.eu\/index.php?rest_route=%2Fwp%2Fv2%2Fcomments&post=107"}],"version-history":[{"count":15,"href":"https:\/\/rkrubik.holesweb.eu\/index.php?rest_route=\/wp\/v2\/pages\/107\/revisions"}],"predecessor-version":[{"id":158,"href":"https:\/\/rkrubik.holesweb.eu\/index.php?rest_route=\/wp\/v2\/pages\/107\/revisions\/158"}],"wp:attachment":[{"href":"https:\/\/rkrubik.holesweb.eu\/index.php?rest_route=%2Fwp%2Fv2%2Fmedia&parent=107"}],"curies":[{"name":"wp","href":"https:\/\/api.w.org\/{rel}","templated":true}]}}